)?
16
Let k(i) = -36*i - 349. Determine k(-10).
11
Let o(s) = -s**3 + 10*s**2 - 7*s + 39. Give o(10).
-31
Let r(b) = -b + 13. Calculate r(3).
10
Let y(p) = p**2 - 13*p - 485. What is y(-16)?
-21
Let r(b) = 56*b**2 - 4*b - 4. Calculate r(-1).
56
Let r(a) = 3*a - 9. Give r(3).
0
Let g(o) = -10*o**2 + 25*o - 4. Give g(2).
6
Let n(c) = 8*c**2 - c - 2. Determine n(2).
28
Let z(c) = c**2 + 21*c - 23. Determine z(-22).
-1
Let d(p) = p**2 - 6*p - 9. Determine d(4).
-17
Let n(h) = 36*h - 467. Calculate n(13).
1
Let s(k) = 2*k - 29. Determine s(16).
3
Let n(u) = 3*u + 9. Determine n(7).
30
Let w(n) = -5*n - 19. Give w(1).
-24
Let i(l) = -l**3 + 26*l**2 - 24*l - 18. What is i(25)?
7
Let o(t) = -t - 6. Determine o(-9).
3
Let j(k) = -2*k**2 + 29*k + 14. Give j(13).
53
Let c(l) = -4*l + 2. Give c(6).
-22
Let k(n) = -n**3 + 9*n**2 + 5*n - 12. Give k(8).
92
Let h(y) = -20*y + 10. Determine h(5).
-90
Let n(c) = c**3 + c**2 - c - 6. Determine n(5).
139
Let t(z) = 4*z**3 + z**2 - z. Determine t(1).
4
Let i(l) = -l**2 + 22*l - 63. What is i(17)?
22
Let t(s) = -s**3 - 6*s**2 + 17*s + 6. Calculate t(-8).
-2
Let b(t) = -29*t**2. Determine b(1).
-29
Let h(m) = 3*m**3 + m**2 - m + 2. Give h(-2).
-16
Let k(f) = -f**2 - 22*f + 24. Give k(-23).
1
Let b(l) = l**3 - 10*l**2 + 8*l - 1. What is b(6)?
-97
Let a(d) = -3*d + 4. Determine a(9).
-23
Let d(m) = -m**2 + m + 2. Give d(3).
-4
Let y(z) = -6*z**2 + 7*z + 9. What is y(5)?
-106
Let q(s) = 2*s - 4. Determine q(3).
2
Let t(g) = 74*g - 78. What is t(1)?
-4
Let g(t) = -t**2 + 11*t - 12. Determine g(11).
-12
Let q(b) = -b**3 - b**2 + b + 4. Give q(0).
4
Let g(a) = a**3 - 6*a**2 - 16*a + 2. What is g(8)?
2
Let f(u) = u - 1. Determine f(-7).
-8
Let y(g) = 9*g - 11. Give y(-2).
-29
Let q(p) = p**3 + 4*p**2 + 2*p - 7. What is q(3)?
62
Let i(n) = -n + 40. Calculate i(40).
0
Let u(r) = 24*r + 113. What is u(-5)?
-7
Let u(j) = j + 12. Give u(-13).
-1
Let s(o) = -o**2 - 16*o - 95. Determine s(-9).
-32
Let t(h) = -3*h**2 + 9*h - 7. Determine t(4).
-19
Let f(p) = 2*p**2 - 3. Determine f(-2).
5
Let k(y) = y**2 - 29*y + 211. Calculate k(16).
3
Let l(u) = 2*u - 17. What is l(6)?
-5
Let i(x) = -12*x - 112. Calculate i(-5).
-52
Let p(d) = -2*d**3 - 31*d**2 - 17*d - 35. Calculate p(-15).
-5
Let r(f) = -4*f**2 + 17*f + 3. Determine r(4).
7
Let x(z) = -z**2 - 7*z - 102. Give x(0).
-102
Let i(t) = t**3 + 5*t**2 - 103*t + 12. What is i(-13)?
-1
Let w(j) = -2*j**2 - 57*j - 215. Calculate w(-24).
1
Let c(n) = -n**2 + 8*n - 2. Determine c(10).
-22
Let t(y) = 2*y**2 - 7*y - 10. What is t(6)?
20
Let p(x) = -x**2 - 13*x - 3. Calculate p(-12).
9
Let j(o) = -4*o**2 + 64*o - 40. What is j(15)?
20
Let b(v) = 17*v**2 - 4*v - 3. What is b(-2)?
73
Let g(v) = -v**3 + 14*v**2 + 13*v - 18. Give g(15).
-48
Let u(x) = x**2 - 6*x + 5. Determine u(7).
12
Let v(g) = 2*g + 42. Calculate v(-19).
4
Let g(y) = 107*y + 739. Calculate g(-7).
-10
Let o(n) = -n + 8. What is o(9)?
-1
Let m(z) = -3*z + 1. What is m(-13)?
40
Let a(i) = -5*i - 2. Determine a(-1).
3
Let b(x) = -x**3 + 10*x**2 - 13*x + 4. Calculate b(9).
-32
Let i(v) = v**3 - 4*v**2 - 2*v - 7. Determine i(-4).
-127
Let z(j) = j**3 - 8*j**2 + 19*j - 5. Give z(6).
37
Let h(n) = -n + 13. Determine h(-6).
19
Let i(w) = -w**3 - 7*w**2 - 8*w - 18. What is i(-6)?
-6
Let x(z) = z**2 - 9*z - 14. Give x(10).
-4
Let z(w) = 2*w**2 + 27*w + 30. Determine z(-11).
-25
Let b(v) = -v - 9. Determine b(-9).
0
Let c(t) = -4*t - 18. Calculate c(-10).
22
Let c(b) = 14*b - 108. Calculate c(8).
4
Let f(m) = -m**3 - 6*m**2 + 6*m + 1. Give f(-6).
-35
Let p(h) = -2*h**3 + 3*h**2 + 2*h + 1. Give p(3).
-20
Let p(g) = -3*g + 10. Calculate p(-2).
16
Let x(v) = -v**2 - 2*v + 10. Give x(-5).
-5
Let a(x) = x**3 + 8*x**2 - 9*x + 12. Determine a(-9).
12
Let z(q) = 2*q + 7. Calculate z(-5).
-3
Let z(s) = s**3 - 4*s**2 + 3*s + 3. What is z(3)?
3
Let x(v) = -v**2 + 29*v + 238. Determine x(36).
-14
Let o(b) = b**3 - 44*b**2 - 139*b - 98. What is o(47)?
-4
Let h(a) = -38*a**2 + 80*a - 2. Calculate h(2).
6
Let n(k) = -k**3 - 5*k**2 - k + 14. Give n(-5).
19
Let i(b) = 2*b + 13. Determine i(-7).
-1
Let i(u) = -u**3 + 11*u**2 - 5. Calculate i(11).
-5
Let z(i) = 22*i - 15. Give z(2).
29
Let u(r) = 3*r**2 - 16*r - 31. Calculate u(-2).
13
Let x(l) = -l**2 + 5*l - 2. Calculate x(8).
-26
Let u(i) = i**3 - 8*i**2 + 6*i + 13. Determine u(7).
6
Let b(l) = l**2 - l - 5. What is b(4)?
7
Let n(j) = -3*j**2 + 40*j - 127. What is n(7)?
6
Let o(p) = p**3 - 8*p**2 + p + 8. What is o(8)?
16
Let u(t) = 2*t - 10. Determine u(12).
14
Let k(v) = 11*v - 67. Calculate k(4).
-23
Let r(n) = -4*n + 11. Determine r(9).
-25
Let a(v) = v**3 - 5*v**2 + 6*v - 8. What is a(4)?
0
Let j(y) = -y**3 + 3*y**2 - y - 96. Determine j(0).
-96
Let i(f) = f + 5. Calculate i(-8).
-3
Let c(l) = 3*l**2 + 13*l + 8. What is c(-5)?
18
Let i(s) = 3*s - 4. Give i(-4).
-16
Let q(k) = -k**2 - 19*k + 5. Determine q(-17).
39
Let l(y) = y + 33. What is l(-11)?
22
Let y(n) = 11*n**2 - 3*n - 6. Calculate y(-2).
44
Let n(a) = a**2 - 7*a + 1. Give n(5).
-9
Let m(r) = -r**2 - 9*r + 36. What is m(-13)?
-16
Let s(d) = 9*d**3 + 116*d**2 - 17*d + 8. What is s(-13)?
60
Let v(h) = h**2 + 5*h + 3. Calculate v(-5).
3
Let y(l) = -l**2 + 9*l - 2. Give y(6).
16
Let g(s) = 2*s - 9. Determine g(5).
1
Let o(d) = d**3 + 3*d**2 - 9*d - 14. Give o(-4).
6
Let h(y) = y**3 - 35*y**2 - y + 40. Give h(35).
5
Let y(s) = s**3 - 25*s**2 - 53*s - 27. What is y(27)?
0
Let o(l) = 2*l**3 + 25*l**2 + 21*l + 91. Determine o(-12).
-17
Let t(r) = -r**3 + r**2 + 4*r - 1. Give t(6).
-157
Let v(j) = 2*j - 11. Calculate v(2).
-7
Let s(d) = 26*d + 20. Determine s(-2).
-32
Let t(k) = -k - 26. Calculate t(-15).
-11
Let q(n) = -7*n**2 - 2*n - 2. Give q(-2).
-26
Let d(w) = -w**3 - w**2 - w - 13. Give d(-3).
8
Let x(r) = r + 2. Calculate x(-2).
0
Let g(y) = -21*y + 14. Give g(1).
-7
Let k(o) = -o**3 - 13*o**2 + 16*o + 33. What is k(-14)?
5
Let u(o) = o - 25. Determine u(13).
-12
Let p(f) = -f**2 - 27*f + 10. Determine p(0).
10
Let r(m) = -3*m - 6. Determine r(4).
-18
Let z(u) = -u - 41. Give z(-8).
-33
Let u(v) = -v**3 + 3*v**2 + 7*v - 1. What is u(5)?
-16
Let h(u) = 4*u + 4. Determine h(-6).
-20
Let x(i) = -3*i**3 + 2*i**2 - i - 1. Calculate x(2).
-19
Let m(v) = v**3 - 2*v - 15. Give m(0).
-15
Let b(t) = 2*t**3 + t**2 - 3*t - 1. Calculate b(-2).
-7
Let d(h) = -3*h**2 + 2. Calculate d(2).
-10
Let i(h) = 3*h**2 - 8*h - 3. Determine i(3).
0
Let g(p) = -p**3 - 9*p**2 - 9*p + 6. What is g(-5)?
-49
Let m(f) = f**3 - 4*f**2 + 2*f - 3. Give m(4).
5
Let w(h) = -2*h - 1. Give w(0).
-1
Let a(y) = -y**2 - 2*y + 42. Give a(8).
-38
Let l(s) = -34*s**2 - s + 1. Give l(1).
-34
Let f(h) = 8*h - 5. What is f(-3)?
-29
Let w(f) = -f**3 - 5*f**2 - 3*f + 10. What is w(-4)?
6
Let h(p) = p**2 - 11*p + 4. Give h(9).
-14
Let l(g) = 3*g**2 - 45*g - 42. Give l(16).
6
Let a(c) = 5*c**2 - 157*c + 62. Give a(31).
0
Let l(m) = -4*m**2 + 6*m - 7. Determine l(3).
-25
Let f(h) = 8*h + 16. What is f(-3)?
-8
Let a(c) = -6*c - 82. What is a(-15)?
8
Let k(c) = 3*c - 1. Give k(1).
2
Let r(d) = -5*d - 35. Give r(-7).
0
Let i(s) = s + 6. Determine i(4).
10
Let h(v) = -6*v**2 + 3*v + 4. Give h(3).
-41
Let i(o) = -o**3 - 4*o**2 - 3*o - 2. Give i(-4).
10
Let f(o) = o**3 - 18*o**2 - 36*o + 2. Give f(20).
82
Let f(y) = y**3 + 7*y**2 - 7*y + 15. Determine f(-8).
7
Let x(m) = -m**3 + 8*m**2 - 8*m + 10. What is x(7)?
3
Let n(b) = -b**3 - 44*b**2 - 41*b + 93. What is n(-43)?
7
Let c(a) = a**2 - 64*a + 401. Determine c(57).
2
Let z(h) = 13*h - 41. Give z(4).
11
Let b(a) = 2*a + 25. Calculate b(11).
47
Let r(z) = -3*z - 3. Give r(-8).
21
Let x(w) = -w + 17. What is x(0)?
17
Let s(i) = i**2 + 17*i - 11. What is s(-19)?
27
Let b(r) = -r**3 + 5*r**2 + 7*r - 15. Determine b(5).
20
Let r(b) = -2*b**2 + 9*b - 7. Calculate r(6).
-25
Let k(q) = 36*q - 786. Determine k(22).
6
Let m(o) = -o**3 - 12*o**2 - 9*o + 18. Determine m(-11).
-4
Let x(b) = -b**2 + b - 1. Determine x(5).
-21
Let q(m) = -207*m + 413. What is q(2)?
-1
Let m(k) = -k**3 + 10*k**2 + 9*k + 19. Calculate m(11).
-3
Let c(p) = p**2 + 7*p - 13. What is c(-7)?
-13
Let k(y) = 2*y**3 + 4*y**2 - 6*y - 2. What is k(-4)?
-42
Let d(m) = -m - 1. Calculate d(-5).
4
Let u(c) = -c**3 + 4*c**2 - c - 3. What is u(3)?
3
Let s(c) = c**3 - 7*c**2 - 6*c - 5. Give s(8)